ulate the remainder when 5046 is divided by 158.
148
Calculate the remainder when 21778 is divided by 5440.
18
What is the remainder when 4365 is divided by 180?
45
Calculate the remainder when 119718 is divided by 14961.
30
What is the remainder when 78947 is divided by 5?
2
Calculate the remainder when 12694 is divided by 4168.
190
What is the remainder when 25112 is divided by 219?
146
What is the remainder when 6349 is divided by 2112?
13
What is the remainder when 2705 is divided by 164?
81
Calculate the remainder when 12405 is divided by 100.
5
Calculate the remainder when 271544 is divided by 215.
214
What is the remainder when 18685 is divided by 2286?
397
What is the remainder when 66480 is divided by 2069?
272
What is the remainder when 1260 is divided by 96?
12
What is the remainder when 215861 is divided by 88?
85
Calculate the remainder when 1126 is divided by 434.
258
What is the remainder when 69764 is divided by 342?
338
Calculate the remainder when 897 is divided by 693.
204
What is the remainder when 328935 is divided by 8?
7
Calculate the remainder when 1931 is divided by 34.
27
What is the remainder when 10990 is divided by 581?
532
What is the remainder when 1149 is divided by 1053?
96
What is the remainder when 103605 is divided by 6?
3
Calculate the remainder when 191661 is divided by 45.
6
Calculate the remainder when 47100 is divided by 129.
15
What is the remainder when 344615 is divided by 34?
25
What is the remainder when 924 is divided by 790?
134
What is the remainder when 59483 is divided by 286?
281
Calculate the remainder when 739497 is divided by 246490.
27
What is the remainder when 79121 is divided by 302?
299
Calculate the remainder when 88136 is divided by 823.
75
What is the remainder when 3375 is divided by 192?
111
What is the remainder when 4884394 is divided by 12?
10
Calculate the remainder when 100102 is divided by 21.
16
What is the remainder when 177167 is divided by 386?
379
What is the remainder when 8971 is divided by 53?
14
What is the remainder when 25426 is divided by 908?
2
Calculate the remainder when 30752 is divided by 10246.
14
What is the remainder when 717 is divided by 191?
144
Calculate the remainder when 39702 is divided by 1421.
1335
What is the remainder when 12243 is divided by 266?
7
Calculate the remainder when 31313 is divided by 180.
173
Calculate the remainder when 23325 is divided by 1791.
42
What is the remainder when 1138 is divided by 118?
76
Calculate the remainder when 1356 is divided by 303.
144
Calculate the remainder when 1030916 is divided by 1210.
1206
Calculate the remainder when 4238 is divided by 440.
278
Calculate the remainder when 492042 is divided by 709.
705
What is the remainder when 79665 is divided by 51?
3
What is the remainder when 507 is divided by 167?
6
What is the remainder when 3382 is divided by 1095?
97
What is the remainder when 71601 is divided by 34?
31
Calculate the remainder when 1614653 is divided by 40366.
13
What is the remainder when 500156 is divided by 38?
0
Calculate the remainder when 7723 is divided by 47.
15
What is the remainder when 41590 is divided by 416?
406
What is the remainder when 9749 is divided by 114?
59
What is the remainder when 6236 is divided by 6219?
17
Calculate the remainder when 8970 is divided by 372.
42
What is the remainder when 73307 is divided by 298?
297
What is the remainder when 51408 is divided by 101?
100
Calculate the remainder when 406552 is divided by 1251.
1228
Calculate the remainder when 492608 is divided by 39.
38
What is the remainder when 7387 is divided by 3682?
23
What is the remainder when 30603 is divided by 105?
48
Calculate the remainder when 3634 is divided by 868.
162
Calculate the remainder when 3798 is divided by 1248.
54
Calculate the remainder when 19325 is divided by 1071.
47
Calculate the remainder when 35457 is divided by 58.
19
What is the remainder when 146249 is divided by 127?
72
Calculate the remainder when 4379 is divided by 105.
74
Calculate the remainder when 4396 is divided by 290.
46
What is the remainder when 2258 is divided by 151?
144
What is the remainder when 1439 is divided by 478?
5
Calculate the remainder when 7893 is divided by 168.
165
What is the remainder when 1968 is divided by 43?
33
Calculate the remainder when 162094 is divided by 162080.
14
What is the remainder when 150127 is divided by 19?
8
What is the remainder when 2594 is divided by 224?
130
Calculate the remainder when 18177 is divided by 3029.
3
What is the remainder when 337227 is divided by 142?
119
Calculate the remainder when 39317 is divided by 207.
194
Calculate the remainder when 4037 is divided by 1812.
413
What is the remainder when 1551930 is divided by 1096?
1090
What is the remainder when 12065 is divided by 175?
165
What is the remainder when 40833 is divided by 2142?
135
What is the remainder when 6479 is divided by 40?
39
Calculate the remainder when 1165 is divided by 528.
109
What is the remainder when 74232 is divided by 352?
312
What is the remainder when 788287 is divided by 811?
806
Calculate the remainder when 8496 is divided by 291.
57
What is the remainder when 584 is divided by 87?
62
What is the remainder when 77727 is divided by 483?
447
Calculate the remainder when 8359 is divided by 82.
77
Calculate the remainder when 5207 is divided by 1450.
857
What is the remainder when 3102 is divided by 21?
15
What is the remainder when 37316 is divided by 37309?
7
Calculate the remainder when 77498 is divided by 199.
87
What is the remainder when 5337 is divided by 468?
189
What is the remainder when 5262 is divided by 58?
42
Calculate the remainder when 1254827 is divided by 58.
55
Calculate the remainder when 68269 is divided by 322.
5
Calculate the remainder when 135593 is divided by 237.
29
What is the remainder when 9072 is divided by 1795?
97
What is the remainder when 74772 is divided by 24905?
57
What is the remainder when 416260 is divided by 58?
52
What is the remainder when 316410 is divided by 4163?
22
Calculate the remainder when 4903 is divided by 1620.
43
What is the remainder when 62725 is divided by 10453?
7
What is the remainder when 7909369 is divided by 1030?
1029
Calculate the remainder when 28296 is divided by 2358.
0
What is the remainder when 5054 is divided by 884?
634
What is the remainder when 1925 is divided by 93?
65
What is the remainder when 867143 is divided by 8?
7
Calculate the remainder when 27294 is divided by 396.
366
Calculate the remainder when 29940 is divided by 14.
8
What is the remainder when 4897 is divided by 934?
227
Calculate the remainder when 496262 is divided by 68.
66
Calculate the remainder when 718 is divided by 493.
225
What is the remainder when 21849 is divided by 87?
12
What is the remainder when 2174 is divided by 117?
68
Calculate the remainder when 19882 is divided by 15.
7
What is the remainder when 20272 is divided by 1343?
127
Calculate the remainder when 1732041 is divided by 1966.
1961
What is the remainder when 1658 is divided by 1292?
366
Calculate the remainder when 70347 is divided by 50.
47
What is the remainder when 1145060 is divided by 57253?
0
What is the remainder when 1822985 is divided by 14?
3
What is the remainder when 20289 is divided by 146?
141
Calculate the remainder when 1374 is divided by 1104.
270
Calculate the remainder when 3026 is divided by 729.
110
Calculate the remainder when 4557 is divided by 417.
387
What is the remainder when 160309 is divided by 120?
109
What is the remainder when 6887 is divided by 2?
1
What is the remainder when 4386 is divided by 65?
31
What is the remainder when 472224 is divided by 38?
36
Calculate the remainder when 484290 is divided by 1472.
2
What is the remainder when 13532 is divided by 37?
27
What is the remainder when 42966 is divided by 92?
2
Calculate the remainder when 558048 is divided by 139506.
24
Calculate the remainder when 1146453 is divided by 24.
21
Calculate the remainder when 132769 is divided by 170.
169
Calculate the remainder when 5763 is divided by 560.
163
Calculate the remainder when 2797 is divided by 1247.
303
Calculate the remainder when 3036 is divided by 1334.
368
Calculate the remainder when 100028 is divided by 285.
278